isor of 104 and 3614?
26
Calculate the highest common divisor of 778 and 2.
2
What is the highest common divisor of 3 and 78?
3
Calculate the highest common divisor of 214 and 46438.
214
What is the highest common divisor of 231 and 165?
33
What is the highest common divisor of 315 and 135?
45
What is the greatest common divisor of 1298 and 118?
118
Calculate the highest common factor of 250 and 150.
50
What is the highest common divisor of 894 and 12?
6
Calculate the highest common divisor of 237 and 395.
79
What is the greatest common factor of 2000 and 30?
10
Calculate the greatest common divisor of 72948 and 12.
12
What is the greatest common divisor of 42 and 742?
14
What is the highest common divisor of 84 and 294?
42
What is the greatest common factor of 1078 and 1166?
22
What is the highest common factor of 26124 and 84?
84
Calculate the greatest common factor of 176 and 22.
22
Calculate the greatest common factor of 40 and 650.
10
Calculate the greatest common divisor of 321 and 18.
3
Calculate the greatest common factor of 44 and 275.
11
Calculate the highest common divisor of 532 and 7.
7
Calculate the greatest common factor of 73 and 365.
73
Calculate the greatest common divisor of 765 and 1360.
85
Calculate the greatest common divisor of 8 and 72.
8
Calculate the highest common factor of 697 and 272.
17
What is the highest common divisor of 250 and 10?
10
What is the greatest common factor of 1159 and 122?
61
What is the greatest common divisor of 10 and 205?
5
What is the greatest common factor of 16841 and 22?
11
What is the highest common factor of 295 and 118?
59
What is the highest common factor of 1376 and 32?
32
Calculate the highest common divisor of 605 and 968.
121
What is the highest common factor of 615 and 570?
15
What is the greatest common divisor of 1890 and 70?
70
Calculate the highest common factor of 91 and 416.
13
Calculate the highest common factor of 7248 and 32.
16
Calculate the highest common factor of 378 and 42.
42
What is the greatest common divisor of 1118 and 129?
43
What is the greatest common divisor of 112 and 49?
7
Calculate the highest common divisor of 24 and 40.
8
Calculate the highest common divisor of 172 and 36.
4
What is the greatest common factor of 80 and 3860?
20
Calculate the highest common factor of 56 and 42392.
56
Calculate the highest common divisor of 2173 and 53.
53
What is the highest common divisor of 110 and 15?
5
What is the greatest common factor of 1692 and 180?
36
Calculate the greatest common divisor of 15 and 570.
15
Calculate the highest common factor of 2320 and 10.
10
Calculate the greatest common factor of 27 and 414.
9
What is the highest common divisor of 117 and 90?
9
What is the highest common factor of 1711 and 1180?
59
Calculate the highest common factor of 561 and 102.
51
Calculate the greatest common divisor of 381 and 48.
3
Calculate the highest common divisor of 85 and 187.
17
Calculate the greatest common factor of 63 and 273.
21
Calculate the highest common divisor of 60 and 15.
15
What is the highest common divisor of 1 and 219?
1
What is the greatest common factor of 275 and 385?
55
What is the highest common factor of 10 and 740?
10
What is the greatest common divisor of 41 and 451?
41
What is the highest common divisor of 42 and 2954?
14
What is the highest common divisor of 18064 and 64?
16
Calculate the greatest common divisor of 9 and 1.
1
Calculate the greatest common factor of 15 and 39.
3
Calculate the greatest common factor of 220 and 140.
20
Calculate the highest common factor of 588 and 24.
12
What is the greatest common factor of 13 and 1703?
13
What is the greatest common factor of 14020 and 20?
20
What is the greatest common divisor of 146 and 8?
2
Calculate the highest common divisor of 3070 and 3991.
307
Calculate the greatest common divisor of 6262 and 124.
62
What is the highest common factor of 1634 and 86?
86
Calculate the highest common factor of 37 and 5809.
37
Calculate the highest common divisor of 520 and 1170.
130
Calculate the greatest common factor of 602 and 1462.
86
What is the highest common divisor of 133 and 9709?
133
What is the greatest common divisor of 3395 and 70?
35
Calculate the greatest common divisor of 754 and 26.
26
Calculate the greatest common factor of 43 and 559.
43
What is the highest common divisor of 2191 and 3756?
313
What is the greatest common factor of 176 and 2024?
88
Calculate the greatest common divisor of 4 and 146.
2
What is the greatest common factor of 36 and 708?
12
Calculate the highest common factor of 1 and 5.
1
Calculate the greatest common factor of 245 and 15.
5
Calculate the greatest common factor of 168 and 6132.
84
Calculate the highest common divisor of 10 and 715.
5
Calculate the highest common divisor of 58 and 464.
58
Calculate the highest common factor of 450 and 36.
18
What is the greatest common factor of 880 and 10?
10
Calculate the highest common factor of 16 and 128.
16
Calculate the greatest common factor of 212 and 954.
106
What is the greatest common divisor of 36 and 192?
12
What is the greatest common divisor of 41 and 144607?
41
Calculate the highest common factor of 33 and 550.
11
What is the greatest common factor of 130 and 55?
5
Calculate the highest common divisor of 717 and 3.
3
What is the greatest common divisor of 74 and 185?
37
Calculate the greatest common divisor of 20944 and 56.
56
What is the highest common factor of 1104 and 4899?
69
Calculate the greatest common factor of 8350 and 668.
334
Calculate the greatest common divisor of 148 and 407.
37
Calculate the highest common divisor of 7735 and 85.
85
What is the greatest common divisor of 832 and 128?
64
Calculate the greatest common divisor of 55 and 253.
11
Calculate the greatest common divisor of 512 and 1792.
256
What is the highest common factor of 4895 and 55?
55
What is the greatest common divisor of 128 and 5248?
128
Calculate the greatest common factor of 182 and 28.
14
Calculate the greatest common divisor of 45 and 95.
5
What is the greatest common divisor of 19 and 209?
19
What is the greatest common factor of 350 and 42?
14
What is the greatest common divisor of 486 and 4644?
54
What is the greatest common divisor of 68 and 85?
17
Calculate the greatest common divisor of 177 and 15.
3
What is the highest common factor of 90 and 144?
18
What is the highest common factor of 10 and 110?
10
Calculate the greatest common factor of 280 and 56.
56
What is the greatest common divisor of 6 and 1626?
6
What is the greatest common divisor of 44 and 3124?
44
Calculate the greatest common factor of 3427 and 69.
23
What is the greatest common divisor of 595 and 175?
35
What is the greatest common divisor of 3335 and 230?
115
Calculate the greatest common factor of 522 and 36.
18
Calculate the highest common factor of 195 and 1105.
65
Calculate the highest common divisor of 355 and 5.
5
What is the greatest common divisor of 423 and 153?
9
Calculate the greatest common factor of 81 and 21.
3
What is the greatest common divisor of 60 and 756?
12
What is the highest common divisor of 1312 and 128?
32
What is the greatest common factor of 37 and 9731?
37
Calculate the highest common factor of 42 and 595.
7
Calculate the highest common divisor of 52 and 2470.
26
What is the greatest common divisor of 150 and 1450?
50
What is the highest common factor of 212 and 4?
4
What is the highest common factor of 432 and 3632?
16
What is the greatest common divisor of 360 and 135?
45
What is the highest common divisor of 25937 and 111?
37
What is the greatest common factor of 16 and 7?
1
What is the highest common factor of 469 and 14?
7
Calculate the highest common factor of 412 and 5562.
206
Calculate the highest common factor of 77 and 704.
11
Calculate the greatest common factor of 31 and 3.
1
Calculate the highest common divisor of 1413 and 3140.
157
What is the greatest common divisor of 387 and 6837?
129
Calculate the highest common factor of 78 and 156.
78
What is the greatest common factor of 966 and 552?
138
What is the greatest common factor of 5886 and 2289?
327
Calculate the greatest common factor of 70 and 3346.
14
Calculate the greatest common factor of 1080 and 40.
40
What is the highest common fact